{"id":100,"date":"2021-10-01T23:50:42","date_gmt":"2021-10-01T21:50:42","guid":{"rendered":"https:\/\/vincentdalbera.com\/editions\/?post_type=product&#038;p=100"},"modified":"2025-10-14T22:43:39","modified_gmt":"2025-10-14T20:43:39","slug":"journal-du-japon","status":"publish","type":"product","link":"https:\/\/vincentdalbera.com\/editions\/edition\/journal-du-japon\/","title":{"rendered":"Journal du Japon"},"content":{"rendered":"<p>\u2013 Self-published, printed in Italy, October 2021<br \/>\n\u2013\u00a0100 numbered copies<br \/>\n\u2013 Soft cover, digital press<br \/>\n\u2013 36 photographs<br \/>\n\u2013 24 x 16,5 cm,\u00a078 pages<br \/>\n\u2013 ISBN 978-2-9567580-4-4<\/p>\n<p><em>First edition<\/em><\/p>\n<p>\u00a9 ADAGP, Paris, 2021<\/p>\n<div style=\"width: 980px;\" class=\"wp-video\"><video class=\"wp-video-shortcode\" id=\"video-100-1\" width=\"980\" height=\"551\" preload=\"metadata\" controls=\"controls\"><source type=\"video\/mp4\" src=\"https:\/\/vincentdalbera.com\/editions\/wp-content\/uploads\/2021\/10\/jdjfocus.mp4?_=1\" \/><a href=\"https:\/\/vincentdalbera.com\/editions\/wp-content\/uploads\/2021\/10\/jdjfocus.mp4\">https:\/\/vincentdalbera.com\/editions\/wp-content\/uploads\/2021\/10\/jdjfocus.mp4<\/a><\/video><\/div>\n","protected":false},"excerpt":{"rendered":"<p>Une s\u00e9lection de photographies d\u2019espaces japonais, provenant de quatre s\u00e9jours entre 2013 et 2018. R\u00e9alis\u00e9es de fa\u00e7on spontan\u00e9e, elles ont \u00e9t\u00e9 rassembl\u00e9es dans cette \u00e9dition par ordre chronologique.<\/p>\n<p>\u300cJournal du Japon\u300d\u306f2013\u5e74\u304b\u30892018\u5e74\u306b\u304b\u3051\u3066\u3001\u5199\u771f\u5bb6\u304c4\u56de\u306b\u6e21\u3063\u3066\u65e5\u672c\u3092\u65c5\u884c\u3057\u305f\u969b\u306b\u64ae\u5f71\u3057\u305f\u65e5\u672c\u306e\u98a8\u666f\u306e\u5199\u771f\u3002\u5199\u771f\u5bb6\u306f\u3001\u65e5\u672c\u306e\u90fd\u5e02\u666f\u89b3\u306b\u304a\u3051\u308b\u81ea\u7136\u306e\u5b58\u5728\u306b\u7279\u306b\u7126\u70b9\u3092\u5f53\u3066\u3001\u77ac\u767a\u7684\u306b\u5199\u771f\u3092\u64ae\u5f71\u3002<\/p>\n<p><em>A selection of photographs of Japanese landscape between 2013 and 2018 from photographer\u2019s trips in Japan over a period of 4 times. The photographer gathered these spontaneous images into an edition that he captured with a particular focus on the presence of nature in the Japanese urban landscape.<\/em><\/p>\n","protected":false},"featured_media":232,"template":"","meta":[],"product_brand":[],"product_cat":[16],"product_tag":[],"class_list":{"0":"post-100","1":"product","2":"type-product","3":"status-publish","4":"has-post-thumbnail","6":"product_cat-editions-books","8":"first","9":"instock","10":"shipping-taxable","11":"purchasable","12":"product-type-simple"},"_links":{"self":[{"href":"https:\/\/vincentdalbera.com\/editions\/wp-json\/wp\/v2\/product\/100","targetHints":{"allow":["GET"]}}],"collection":[{"href":"https:\/\/vincentdalbera.com\/editions\/wp-json\/wp\/v2\/product"}],"about":[{"href":"https:\/\/vincentdalbera.com\/editions\/wp-json\/wp\/v2\/types\/product"}],"wp:featuredmedia":[{"embeddable":true,"href":"https:\/\/vincentdalbera.com\/editions\/wp-json\/wp\/v2\/media\/232"}],"wp:attachment":[{"href":"https:\/\/vincentdalbera.com\/editions\/wp-json\/wp\/v2\/media?parent=100"}],"wp:term":[{"taxonomy":"product_brand","embeddable":true,"href":"https:\/\/vincentdalbera.com\/editions\/wp-json\/wp\/v2\/product_brand?post=100"},{"taxonomy":"product_cat","embeddable":true,"href":"https:\/\/vincentdalbera.com\/editions\/wp-json\/wp\/v2\/product_cat?post=100"},{"taxonomy":"product_tag","embeddable":true,"href":"https:\/\/vincentdalbera.com\/editions\/wp-json\/wp\/v2\/product_tag?post=100"}],"curies":[{"name":"wp","href":"https:\/\/api.w.org\/{rel}","templated":true}]}}