{"id":92,"date":"2021-09-28T12:50:25","date_gmt":"2021-09-28T10:50:25","guid":{"rendered":"https:\/\/vincentdalbera.com\/editions\/?post_type=product&#038;p=92"},"modified":"2025-10-14T22:40:19","modified_gmt":"2025-10-14T20:40:19","slug":"08-09-2019-the-oslo-ringbanen-tour","status":"publish","type":"product","link":"https:\/\/vincentdalbera.com\/editions\/edition\/08-09-2019-the-oslo-ringbanen-tour\/","title":{"rendered":"\u00ab\u00a008\/09\/2019\u00a0\u00bb (the tour of Oslo Ringbanen)"},"content":{"rendered":"<p>\u2013 Self-published, printed in France, October 2021<br \/>\n\u2013 50 numbered copies<br \/>\n\u2013 Soft cover, digital press<br \/>\n\u2013 23 color photographs<br \/>\n\u2013 20 x 14 cm,\u00a040 pages<br \/>\n\u2013 ISBN 978-2-9567580-3-7<\/p>\n<p><em>First edition<\/em><\/p>\n<p>\u00a9 ADAGP, Paris, 2021<\/p>\n<div style=\"width: 980px;\" class=\"wp-video\"><video class=\"wp-video-shortcode\" id=\"video-92-1\" width=\"980\" height=\"551\" preload=\"metadata\" controls=\"controls\"><source type=\"video\/mp4\" src=\"https:\/\/vincentdalbera.com\/editions\/wp-content\/uploads\/2021\/09\/oslo.mp4?_=1\" \/><a href=\"https:\/\/vincentdalbera.com\/editions\/wp-content\/uploads\/2021\/09\/oslo.mp4\">https:\/\/vincentdalbera.com\/editions\/wp-content\/uploads\/2021\/09\/oslo.mp4<\/a><\/video><\/div>\n","protected":false},"excerpt":{"rendered":"<p>\u00c0 la suite des tours du boulevard p\u00e9riph\u00e9rique \u00e0 Paris, de la ligne Yamanote \u00e0 Tokyo, et de la ligne Osaka Loop \u00e0 Osaka, il s\u2019agit ici d\u2019un tour de la Ringbanen, la ligne de train circulaire \u00e0 Oslo. Un jour de marche le long de la ligne \u00e0 observer la ville, en partant du nord dans le sens horaire. Les photographies sont montr\u00e9es dans le m\u00eame ordre qu\u2019elles ont \u00e9t\u00e9 prises, ce qui permet de partager l\u2019exp\u00e9rience au lecteur.<\/p>\n<p>\u00ab\u00a008\/09\/2019\u00a0\u00bb \u306f\u3001\u300cCity tour series\u300d\u306e\u7b2c4\u756a\u76ee\u306e\u30b7\u30ea\u30fc\u30ba\u3001\u30ce\u30eb\u30a6\u30a7\u30fc\u30fb\u30aa\u30b9\u30ed\u306e\u74b0\u72b6\u7dda\u300cRingbanen\u300d\u3092\u6b69\u304d\u306a\u304c\u3089\u64ae\u5f71\u3057\u305f\u5199\u771f\u96c6\u3002\u90fd\u4f1a\u306e\u98a8\u666f\u306b\u4e01\u5be7\u306b\u76ee\u3092\u914d\u308a\u3064\u3064\u3001\u5199\u771f\u5bb6\u306f\u5317\u304b\u3089\u6642\u8a08\u56de\u308a\u3068\u540c\u3058\u65b9\u5411\u30671\u65e5\u304b\u3051\u3066\u6b69\u304d\u5199\u771f\u3092\u64ae\u5f71\u3002\u63b2\u8f09\u3055\u308c\u3066\u3044\u308b\u5199\u771f\u306e\u9806\u756a\u306f\u64ae\u5f71\u3055\u308c\u305f\u3082\u306e\u3068\u540c\u69d8\u3067\u3042\u308b\u305f\u3081\u3001\u8aad\u8005\u306f\u5199\u771f\u5bb6\u3068\u540c\u3058\u3088\u3046\u306b\u3001\u3053\u306e\u8857\u306e\u89b3\u5bdf\u3092\u4f53\u9a13\u3059\u308b\u3053\u3068\u304c\u3067\u308b\u3002<\/p>\n<p><em>\u201c08\/09\/2019\u201d, is the 4th series of photobook \u00a0\u00ab\u00a0City tour series\u201d, of which photos are taken while walking along \u00ab\u00a0Ringbanen\u00a0\u00bb, the circular train line in Oslo, Norway. By paying sensitive attention to the urban city landscape, the photographer walked there for a day, starting from the north, with the same direction of clockwise. The photographs are shown in the same order as they were taken, which allows the reader to have the same experience of this city observation as photographer did.<\/em><\/p>\n","protected":false},"featured_media":233,"template":"","meta":[],"product_brand":[],"product_cat":[16],"product_tag":[],"class_list":{"0":"post-92","1":"product","2":"type-product","3":"status-publish","4":"has-post-thumbnail","6":"product_cat-editions-books","8":"first","9":"instock","10":"shipping-taxable","11":"purchasable","12":"product-type-simple"},"_links":{"self":[{"href":"https:\/\/vincentdalbera.com\/editions\/wp-json\/wp\/v2\/product\/92","targetHints":{"allow":["GET"]}}],"collection":[{"href":"https:\/\/vincentdalbera.com\/editions\/wp-json\/wp\/v2\/product"}],"about":[{"href":"https:\/\/vincentdalbera.com\/editions\/wp-json\/wp\/v2\/types\/product"}],"wp:featuredmedia":[{"embeddable":true,"href":"https:\/\/vincentdalbera.com\/editions\/wp-json\/wp\/v2\/media\/233"}],"wp:attachment":[{"href":"https:\/\/vincentdalbera.com\/editions\/wp-json\/wp\/v2\/media?parent=92"}],"wp:term":[{"taxonomy":"product_brand","embeddable":true,"href":"https:\/\/vincentdalbera.com\/editions\/wp-json\/wp\/v2\/product_brand?post=92"},{"taxonomy":"product_cat","embeddable":true,"href":"https:\/\/vincentdalbera.com\/editions\/wp-json\/wp\/v2\/product_cat?post=92"},{"taxonomy":"product_tag","embeddable":true,"href":"https:\/\/vincentdalbera.com\/editions\/wp-json\/wp\/v2\/product_tag?post=92"}],"curies":[{"name":"wp","href":"https:\/\/api.w.org\/{rel}","templated":true}]}}